{"id":499,"date":"2022-12-20T10:48:02","date_gmt":"2022-12-20T10:48:02","guid":{"rendered":"https:\/\/www.biserica-muenster.de\/?page_id=499"},"modified":"2023-11-20T20:05:20","modified_gmt":"2023-11-20T20:05:20","slug":"proiecte-social-filantropice","status":"publish","type":"page","link":"https:\/\/www.biserica-muenster.de\/de\/proiecte-social-filantropice\/","title":{"rendered":"Philanthropische Projekte"},"content":{"rendered":"<p>   De la \u00eenfiin\u021barea ei \u00een 25 Septembrie 2016, parohia \u0219i-a propus s\u0103 \u00eentreprind\u0103 activit\u0103\u021bi de caritate, de ajutorare a celor afla\u021bi \u00een nevoie. Numai cu ajutorul dona\u021biilor dumneavoastr\u0103, a credincio\u0219ilor parohiei, dar \u0219i a unor oameni din exteriorul comunit\u0103\u021bii noastre, sensibili \u0219i receptivi la apelurile lansate de noi, am reu\u0219it s\u0103 \u00eemplinim o frac\u021biune din faptele de milostenie cu care suntem datori. <\/p>\n\n\n\n<ul class=\"wp-block-list\">\n<li>Astfel, \u00eencep\u00e2nd cu anul 2019, am demarat ac\u021biunea <a href=\"http:\/\/www.mitropolia-ro.de\/index.php\/ro\/stiri-din-2021\/1823-proiectul-anul-si-casa-continua-in-parohia-muenster\">\u201eAnul \u0219i casa\u201d<\/a>, prin care parohia noastr\u0103 \u0219i-a propus s\u0103 ajute anual o familie aflat\u0103 \u00eentr-o situa\u021bie dificil\u0103 prin cump\u0103rarea unei locuin\u021be sau renovarea locuin\u021bei precare pe care familia o de\u021bine. <\/li>\n<\/ul>\n\n\n\n<ul class=\"wp-block-list\">\n<li>\u00cencep\u00e2nd cu anul 2020, prin proiectul <a href=\"https:\/\/www.facebook.com\/biserica.muenster\/posts\/pfbid05GDETTKqEogLBDPV1vRAGgaGNyME61ve1jYUAjNyfUbrDpAPjpq9C4Bi5oox2ojTl\">\u201eC\u0103ldur\u0103 pentru b\u0103tr\u00e2nii no\u0219tri\u201d<\/a>, \u00een fiecare iarn\u0103, ne-am asumat misiunea de a asigura un volum minim de lemne de foc necesar unui num\u0103r de b\u0103tr\u00e2ni neputincio\u0219i din \u021bara noastr\u0103 pentru a supraie\u021bui iernii aspre. Num\u0103rul beneficiarilor a depins, fire\u0219te, de volumul dona\u021biilor.<\/li>\n<\/ul>\n\n\n\n<ul class=\"wp-block-list\">\n<li>\u00cencep\u00e2nd cu decembrie 2021, unii dintre membrii comunit\u0103\u021bii au decis s\u0103 r\u0103spund\u0103 scrisorilor pe care copii din jude\u021bul Vaslui, ai c\u0103ror p\u0103rin\u021bi sunt lipsi\u021bi de posibilit\u0103\u021bi financiare, le-au scris lui <a href=\"http:\/\/www.mitropolia-ro.de\/index.php\/ro\/stiri-din-2022\/2188-darurile-lui-mos-craciun-impartite-cu-ajutorul-credinciosilor-din-muenster\">Mo\u0219 Cr\u0103ciun<\/a>. I-a\u021bi bucurat nespus!<\/li>\n<\/ul>\n\n\n\n<ul class=\"wp-block-list\">\n<li>\u00cen 2022 ne-am mobilizat \u00een scopul de a-i face pe 30 de copii din jude\u021bul Vaslui s\u0103-\u0219i aminteasc\u0103 cu bucurie de prima participarea la o <a href=\"https:\/\/basilica.ro\/o-parohie-din-germania-ofera-o-tabara-la-mare-pentru-30-de-copii-din-vaslui\/\">tab\u0103r\u0103 estival\u0103<\/a> la Marea Neagr\u0103, o bucurie pe care f\u0103r\u0103 ajutorul dumneavoastr\u0103 nu ar fi putut-o avea. <\/li>\n<\/ul>\n\n\n\n<p>Cu excep\u021bia acestor proiecte, comunitatea a r\u0103spuns punctual, \u00een m\u0103sura posibilit\u0103\u021bilor, apelurilor de ajutor venite din partea unor familii sau a unor persoane aflate \u00een mare nevoie, mai cu seam\u0103 din Rom\u00e2nia, dar \u0219i de aici, din Germania.<\/p>\n\n\n\n<p>Pute\u021bi lua parte activ oric\u00e2nd la oricare dintre proiectele filantropice ve\u021bi dori printr-o <a href=\"http:\/\/www.biserica-muenster.de\/de\/?page_id=386\">dona\u021bie<\/a>, oric\u00e2t de mic\u0103, mereu pe potriva posibilit\u0103\u021bilor dumneavoastr\u0103, fie la biseric\u0103, fie \u00een contul parohiei:<\/p>\n\n\n\n<p><em>Rum\u00e4nisch-Orthodoxe Kirchengem. Hl. Spyridon u. Hl. Petronilla<\/em><br><strong>IBAN:<\/strong>&nbsp;DE19 4005 0150 0034 4462 60<br><strong>Bankinstitut:<\/strong>&nbsp;Sparkasse M\u00fcnsterland Ost<br><strong>BIC:<\/strong>&nbsp;WELADED1MST<\/p>\n\n\n\n<p><\/p>\n\n\n\n<p>Dumnezeu v\u0103 va r\u0103spl\u0103ti jertfa \u0219i m\u0103rinimia!<\/p>","protected":false},"excerpt":{"rendered":"<p>De la \u00eenfiin\u021barea ei \u00een 25 Septembrie 2016, parohia \u0219i-a propus s\u0103 \u00eentreprind\u0103 activit\u0103\u021bi de caritate, de ajutorare a celor afla\u021bi \u00een nevoie. Numai cu ajutorul dona\u021biilor dumneavoastr\u0103, a credincio\u0219ilor parohiei, dar \u0219i a unor oameni din exteriorul comunit\u0103\u021bii noastre, sensibili \u0219i receptivi la apelurile lansate de noi, am reu\u0219it s\u0103 \u00eemplinim o frac\u021biune din &hellip; <\/p>","protected":false},"author":5,"featured_media":0,"parent":0,"menu_order":0,"comment_status":"closed","ping_status":"closed","template":"","meta":{"nf_dc_page":"","om_disable_all_campaigns":false,"two_page_speed":null,"footnotes":""},"class_list":["post-499","page","type-page","status-publish","hentry","entry"],"jetpack_sharing_enabled":true,"_links":{"self":[{"href":"https:\/\/www.biserica-muenster.de\/de\/wp-json\/wp\/v2\/pages\/499","targetHints":{"allow":["GET"]}}],"collection":[{"href":"https:\/\/www.biserica-muenster.de\/de\/wp-json\/wp\/v2\/pages"}],"about":[{"href":"https:\/\/www.biserica-muenster.de\/de\/wp-json\/wp\/v2\/types\/page"}],"author":[{"embeddable":true,"href":"https:\/\/www.biserica-muenster.de\/de\/wp-json\/wp\/v2\/users\/5"}],"replies":[{"embeddable":true,"href":"https:\/\/www.biserica-muenster.de\/de\/wp-json\/wp\/v2\/comments?post=499"}],"version-history":[{"count":10,"href":"https:\/\/www.biserica-muenster.de\/de\/wp-json\/wp\/v2\/pages\/499\/revisions"}],"predecessor-version":[{"id":718,"href":"https:\/\/www.biserica-muenster.de\/de\/wp-json\/wp\/v2\/pages\/499\/revisions\/718"}],"wp:attachment":[{"href":"https:\/\/www.biserica-muenster.de\/de\/wp-json\/wp\/v2\/media?parent=499"}],"curies":[{"name":"wp","href":"https:\/\/api.w.org\/{rel}","templated":true}]}}

<p>   De la înființarea ei în 25 Septembrie 2016, parohia și-a propus să întreprindă activități de caritate, de ajutorare a celor aflați în nevoie. Numai cu ajutorul donațiilor dumneavoastră, a credincioșilor parohiei, dar și a unor oameni din exteriorul comunității noastre, sensibili și receptivi la apelurile lansate de noi, am reușit să împlinim o fracțiune din faptele de milostenie cu care suntem datori. </p>



<ul class="wp-block-list">
<li>Astfel, începând cu anul 2019, am demarat acțiunea <a href="http://www.mitropolia-ro.de/index.php/ro/stiri-din-2021/1823-proiectul-anul-si-casa-continua-in-parohia-muenster">„Anul și casa”</a>, prin care parohia noastră și-a propus să ajute anual o familie aflată într-o situație dificilă prin cumpărarea unei locuințe sau renovarea locuinței precare pe care familia o deține. </li>
</ul>



<ul class="wp-block-list">
<li>Începând cu anul 2020, prin proiectul <a href="https://www.facebook.com/biserica.muenster/posts/pfbid05GDETTKqEogLBDPV1vRAGgaGNyME61ve1jYUAjNyfUbrDpAPjpq9C4Bi5oox2ojTl">„Căldură pentru bătrânii noștri”</a>, în fiecare iarnă, ne-am asumat misiunea de a asigura un volum minim de lemne de foc necesar unui număr de bătrâni neputincioși din țara noastră pentru a supraiețui iernii aspre. Numărul beneficiarilor a depins, firește, de volumul donațiilor.</li>
</ul>



<ul class="wp-block-list">
<li>Începând cu decembrie 2021, unii dintre membrii comunității au decis să răspundă scrisorilor pe care copii din județul Vaslui, ai căror părinți sunt lipsiți de posibilități financiare, le-au scris lui <a href="http://www.mitropolia-ro.de/index.php/ro/stiri-din-2022/2188-darurile-lui-mos-craciun-impartite-cu-ajutorul-credinciosilor-din-muenster">Moș Crăciun</a>. I-ați bucurat nespus!</li>
</ul>



<ul class="wp-block-list">
<li>În 2022 ne-am mobilizat în scopul de a-i face pe 30 de copii din județul Vaslui să-și amintească cu bucurie de prima participarea la o <a href="https://basilica.ro/o-parohie-din-germania-ofera-o-tabara-la-mare-pentru-30-de-copii-din-vaslui/">tabără estivală</a> la Marea Neagră, o bucurie pe care fără ajutorul dumneavoastră nu ar fi putut-o avea. </li>
</ul>



<p>Cu excepția acestor proiecte, comunitatea a răspuns punctual, în măsura posibilităților, apelurilor de ajutor venite din partea unor familii sau a unor persoane aflate în mare nevoie, mai cu seamă din România, dar și de aici, din Germania.</p>



<p>Puteți lua parte activ oricând la oricare dintre proiectele filantropice veți dori printr-o <a href="http://www.biserica-muenster.de/de/?page_id=386">donație</a>, oricât de mică, mereu pe potriva posibilităților dumneavoastră, fie la biserică, fie în contul parohiei:</p>



<p><em>Rumänisch-Orthodoxe Kirchengem. Hl. Spyridon u. Hl. Petronilla</em><br><strong>IBAN:</strong>&nbsp;DE19 4005 0150 0034 4462 60<br><strong>Bankinstitut:</strong>&nbsp;Sparkasse Münsterland Ost<br><strong>BIC:</strong>&nbsp;WELADED1MST</p>



<p></p>



<p>Dumnezeu vă va răsplăti jertfa și mărinimia!</p>

<p>De la înființarea ei în 25 Septembrie 2016, parohia și-a propus să întreprindă activități de caritate, de ajutorare a celor aflați în nevoie. Numai cu ajutorul donațiilor dumneavoastră, a credincioșilor parohiei, dar și a unor oameni din exteriorul comunității noastre, sensibili și receptivi la apelurile lansate de noi, am reușit să împlinim o fracțiune din &hellip; </p>
